+ 12802, 0 = 3*v - 3*z - 10791. List the prime factors of v.
3593
What are the prime factors of (-45104976)/(-2842)*(-7)/(-2)?
2, 3, 1543
Let p = -46812 + 75304. What are the prime factors of p?
2, 17, 419
List the prime factors of (4532/(-515))/(3/(-5820)).
2, 11, 97
Suppose -5*q + 7*q + 4*c - 14546 = 0, 0 = q + 12*c - 7233. List the prime factors of q.
3, 809
Suppose 3*y = -5*n - 1460, -4*n + 8*n + 489 = -y. Let g = y + 1286. What are the prime factors of g?
3, 89
Suppose -9 + 64 = 11*n. Suppose 5*a - 3320 = -n*y, 4*a + 1576 = 2*y + 260. List the prime factors of y.
2, 331
What are the prime factors of 8 + (1585*8/40 - -1)?
2, 163
Suppose -144*p + 2442 = -138*p. Suppose 4*f = 357 + p. What are the prime factors of f?
191
Suppose 6*l = l - 10710. Let m be (l/28)/(3/(-4)). Suppose -7*k = -5*k - m. What are the prime factors of k?
3, 17
Let a = -165 - -30. List the prime factors of (-18)/a - (-986)/30.
3, 11
List the prime factors of 29898 - (-216)/144*-16*2/(-6).
2, 19, 787
Let x = 8 - -6. Suppose 31 = 5*o - 44. Suppose -o*k = -x*k - 7. What are the prime factors of k?
7
Let r = 93 + -138. Let x = 50 + r. Suppose x*i + d - 277 = 0, 5*d = -2*i + 46 + 74. List the prime factors of i.
5, 11
Let z(u) = 14*u**2 - 53. Let q be (-78)/(-10) + 28/140. List the prime factors of z(q).
3, 281
Suppose 7*j - 3726 = j. Suppose 1494*l + j = 1497*l. What are the prime factors of l?
3, 23
Let p(c) = 4*c**3 - 1. Let f be p(1). Suppose -y - 4*a = -34 + f, 12 = 3*a. Let l = 40 - y. List the prime factors of l.
5
Let k(j) = -j**2 + 11*j - 16. Let v be k(9). Suppose 0 = i + 5*l - 209, v*l = -4*i - 286 + 1032. List the prime factors of i.
2, 23
Let r = -153 + 160. Suppose f + 4*a = -r + 115, 3*f + a - 346 = 0. What are the prime factors of f?
2, 29
Let y(c) = 3*c**3 + c**2 + 7*c - 1619. Let r(p) = -5*p**3 - 2*p**2 - 13*p + 3239. Let v(x) = 4*r(x) + 7*y(x). What are the prime factors of v(0)?
3, 541
Let p = 26262 + -13406. List the prime factors of p.
2, 1607
Let j(r) be the second derivative of -r**4/6 - 11*r**3/6 + 17*r**2 - 28*r. Let h be j(-15). Let m = h + 453. What are the prime factors of m?
2, 101
Let n be (-2 - (-4)/(-3))*(-165)/22. Suppose 0 = n*g - 5*g + 40. List the prime factors of (-116)/g + (37 - 36).
59
Suppose 5*j = 3*l + 5, -4 = -0*l - 2*l - 4*j. Suppose l*x + 10 = 5*x. Suppose -2*y + 50 = x*k, 0*y - 2 = 2*y. What are the prime factors of k?
2, 13
Suppose 756*f - 752*f = 2*d - 39236, 0 = 3*f - 24. What are the prime factors of d?
2, 9817
Let a(l) = -4079*l + 209. What are the prime factors of a(-5)?
2, 3, 17, 101
Let v be -1*(-74*6 - -2 - 3). Suppose h - 357 = -c, 2*h = -4*c + 983 + v. List the prime factors of c.
3, 7, 17
Let d be 2/4 - (-411)/6. Suppose -d + 1971 = 6*x. Suppose -6*q + x + 67 = 0. What are the prime factors of q?
2
Let j(b) = 10978*b - 11716. What are the prime factors of j(8)?
2, 53, 359
Let b = 65794 + -46183. List the prime factors of b.
3, 2179
Suppose 4 - 12 = -4*p, -5*u + 118 = -p. What are the prime factors of ((-18)/81*u)/(2/(-12))?
2
Suppose 0 = -u - 1, 11*w - 12*w + 3375 = 3*u. What are the prime factors of w?
2, 3, 563
Suppose 5*t - 2*d = 11367 + 29578, 0 = 3*t - d - 24568. List the prime factors of t.
8191
Let k(a) = -2*a**3 - 24*a**2 - 12*a + 33. Let u(f) = f**3 + 11*f**2 + 7*f - 16. Let h(l) = -4*k(l) - 7*u(l). List the prime factors of h(-9).
17, 47
Let d(a) = -a**3 - 6*a**2 - 5*a + 6. Let n be d(-5). Suppose -2*z - 10 = -2*s, -5*z - n = -2*s - 7*z. List the prime factors of s/6 + 1625/15.
109
Let k(h) = -10 + 2*h + 0*h**3 - h**3 + 306*h**2 - 298*h**2. Let w be k(8). List the prime factors of 21 - -3 - (-2 + -2 + w).
2, 11
Let o = -107 + 112. Suppose 5*u = 3*u - 2*b + 484, 1218 = o*u + 3*b. What are the prime factors of u?
2, 3, 41
Let s(d) = 2*d**3 - 17*d**2 - 13*d + 184. List the prime factors of s(13).
2, 3
Suppose 10*u - 65 = 55. What are the prime factors of 2*-24*((-189)/u)/7?
2, 3
Suppose 14*m + 1232 = 7*m. Let t = 352 - m. Suppose 5*o = -3*o + t. List the prime factors of o.
2, 3, 11
Let y(z) = -z**2 + 4*z + 2. Let l be y(4). Let m = -49 - -54. Suppose -l*f = -5*g + 99, m = 2*g + f - 31. What are the prime factors of g?
19
Let o = -4 - -79. Suppose -o*c + 2685 = -70*c. What are the prime factors of c?
3, 179
Suppose -7*o + 193205 = 14*o - 52327. List the prime factors of o.
2, 37, 79
Suppose 17*p + 591 + 225 = 0. What are the prime factors of (3 + 0)*(-8416)/p?
2, 263
Let x(p) = p**2 + 8*p + 10. Let d(g) = -g**2 + 11*g - 32. Let n be d(8). Let c be x(n). What are the prime factors of 1104/(-40)*c/(-4)?
3, 23
Suppose 5*s = -5*p + 100449 - 35579, -p = 6. List the prime factors of s.
2, 5, 11, 59
What are the prime factors of ((-1)/10*3816/36 - -4)*-495?
3, 11
Suppose -3*g + 31 = -5*l, g + 10*l = 15*l + 7. Let n(f) = 9*f**2 + 8*f - 47. What are the prime factors of n(g)?
5, 269
Let q = -310 - -3009. List the prime factors of q.
2699
Suppose -w - 30 = -34. Suppose 644 = 2*s + 9*b - w*b, 0 = -3*b + 12. List the prime factors of s.
2, 3, 13
Suppose 14*v = 4*v - 20*v + 235830. What are the prime factors of v?
7, 1123
List the prime factors of ((-16)/(-10))/((-1)/((-56670)/12)).
2, 1889
Let p = -8727 - -12015. What are the prime factors of p?
2, 3, 137
Let r be 20/25*-555*5/(-6). Suppose s - 3*y - r = 0, -1178 = -2*s + y - 443. List the prime factors of s.
367
Suppose 2*w = i - 8937, 2196*w + 44709 = 5*i + 2192*w. List the prime factors of i.
5, 1789
Let y(f) = -2*f**2 + 78*f + 11. Let u be y(38). Suppose 6*c - 4*c = 4. Suppose -c*q = -167 - u. What are the prime factors of q?
127
Let y = 13 + -17. Let c be 0 + y/22 + 25024/(-187). Let v = -76 - c. List the prime factors of v.
2, 29
Let u(g) = -3*g**2 - 4*g - 24. Let q(j) = -3*j**2 - 3*j - 24. Let v(k) = 4*q(k) - 5*u(k). What are the prime factors of v(-12)?
2, 3, 5
Let c(l) = 2*l**2 + 22*l - 4. Let z be c(-11). Let k be (1*4)/((-4)/(112/z)). Suppose -k = -5*a + 12. What are the prime factors of a?
2
Let p(n) = 316*n**3 + 10*n - 48. What are the prime factors of p(4)?
2, 7, 19
Suppose -3*d - 8 = -5*d. Suppose 3*c - d = -k, 0*k + 4 = k. What are the prime factors of 1 - (-85 - (c - 3))?
83
Let d = 25 - -5. Let t = d + -24. Suppose t*v - 3*v - 229 = 5*h, -4*v + 294 = -h. What are the prime factors of v?
73
Let w(t) = -2*t**2 - 10*t - 9. Suppose -18 = 5*k + 7. Let v be w(k). What are the prime factors of (-3*(-20)/(-25))/(v/120)?
2
Let i(k) = -k**3 + 18*k**2 + k - 16. Let t be i(18). Suppose t*y - 645 = -y. List the prime factors of y.
5, 43
Suppose 3*q = 5*q - 5*h - 69736, -5*q = 7*h - 174496. List the prime factors of q.
2, 7, 89
Let f(t) = -3831*t + 2. List the prime factors of f(-7).
13, 2063
Let v be 1440/(-216)*(9/(-5))/1. Let i(c) = c**3 - 13*c**2 + 10*c + 10. Let l be i(v). What are the prime factors of 7/l - 325/(-2)?
2, 3
Suppose -29991 = -8*o + 3*o + a, 4*o + 3*a = 23989. List the prime factors of o.
2, 2999
Suppose 0 = -3*h - 12, 2*n - 39 = h + 65. Suppose 2*k = -5*o - 0*k + 496, 3*o + 5*k - 309 = 0. Let y = o - n. List the prime factors of y.
2, 3
Suppose -20*j = -8*j - 108. List the prime factors of 5 - (-6 + j - 620).
2, 311
Let h be ((-7)/(-14)*0)/(-3). Suppose 12*j + 0*j - 7632 = h. List the prime factors of j.
2, 3, 53
Suppose 840 = -21*s - 672. List the prime factors of 26*(s/8 + 55).
2, 13, 23
Let t = -8 - -12. What are the prime factors of t/(-26) - 4383/(-13)?
337
Let w(m) = m**3 + 5*m**2 + m + 3. Suppose 0 = -5*b - 3*c - 27 + 69, 0 = -2*b - 5*c + 32. Suppose 0 = -u + b*u + 15. What are the prime factors of w(u)?
2, 3
Let f(h) = -2*h**2 - h - 33. Let r be f(-12). Let j(x) = -x**3 + 448. Let m be j(0). Let p = r + m. What are the prime factors of p?
139
Let g(v) = -v**2 + 13*v - 5. Let y be -2 - (-19 - (5 + -5)). Let l = 23 - y. What are the prime factors of g(l)?
37
Let d = -2315 - -7430. List the prime factors of d.
3, 5, 11, 31
Let f = 23 - 27. What are the prime factors of 15543/(-297)*-10*(-6)/f?
5, 157
Let l be (1 + 0)/((-15)/(-45)) + -1. Suppose 5*d + l = -4*b, -1 = d - 5*b - 18. What are the prime factors of (6/2)/((-63)/33 + d)?
3, 11
Let r(h) = 18*h**2 + 87*h + 537. List the prime factors of r(-18).
3, 1601
Let y be 18/(-117) + 41760/26 + -1. Suppose 0 = 2*l + l - y. What are the prime factors of l?
5, 107
Let j(m) = 33*m**2 - 35*m + 8